{"id":350,"date":"2024-12-08T11:24:32","date_gmt":"2024-12-08T11:24:32","guid":{"rendered":"https:\/\/joaofranciscotavora.com\/?page_id=350"},"modified":"2025-08-02T07:58:00","modified_gmt":"2025-08-02T07:58:00","slug":"biographie","status":"publish","type":"page","link":"https:\/\/joaofranciscotavora.com\/index.php\/biographie\/","title":{"rendered":"Biographie"},"content":{"rendered":"\t\t<div data-elementor-type=\"wp-page\" data-elementor-id=\"350\" class=\"elementor elementor-350\" data-elementor-post-type=\"page\">\n\t\t\t\t<div class=\"elementor-element elementor-element-73aff768 e-con-full e-flex e-con e-parent\" data-id=\"73aff768\" data-element_type=\"container\">\n\t\t<div class=\"elementor-element elementor-element-3d3f47f3 e-con-full e-flex e-con e-child\" data-id=\"3d3f47f3\" data-element_type=\"container\" data-settings=\"{&quot;background_background&quot;:&quot;classic&quot;}\">\n\t\t\t\t<\/div>\n\t\t\t\t<\/div>\n\t\t<div class=\"elementor-element elementor-element-8e00cdf e-flex e-con-boxed e-con e-parent\" data-id=\"8e00cdf\" data-element_type=\"container\">\n\t\t\t\t\t<div class=\"e-con-inner\">\n\t\t\t\t<div class=\"elementor-element elementor-element-60b5e0c elementor-widget elementor-widget-heading\" data-id=\"60b5e0c\" data-element_type=\"widget\" data-widget_type=\"heading.default\">\n\t\t\t\t<div class=\"elementor-widget-container\">\n\t\t\t<h2 class=\"elementor-heading-title elementor-size-default\">Jo\u00e3o Francisco T\u00e1vora\u00a0<\/h2>\t\t<\/div>\n\t\t\t\t<\/div>\n\t\t\t\t<div class=\"elementor-element elementor-element-ae5b658 elementor-widget elementor-widget-text-editor\" data-id=\"ae5b658\" data-element_type=\"widget\" data-widget_type=\"text-editor.default\">\n\t\t\t\t<div class=\"elementor-widget-container\">\n\t\t\t\t\t\t\t<p><span style=\"font-weight: 400;\">Nach seinem Studium an der <\/span><i><span style=\"font-weight: 400;\">Escola Superior de Mu\u0301sica e Artes do Espeta\u0301culo <\/span><\/i><span style=\"font-weight: 400;\">in Porto und der <\/span><i><span style=\"font-weight: 400;\">Hochschule fu\u0308r Musik und Theater Felix Mendelssohn Bartholdy <\/span><\/i><span style=\"font-weight: 400;\">in Leipzig begann Joa\u0303o Francisco Ta\u0301vora eine vielversprechende Karriere als Solist, Ensemblemusiker und musikalischer Leiter.\u00a0<\/span><\/p><p><span style=\"font-weight: 400;\">Diese Debu\u0308taufnahme mit Werken von Telemann geht einem zweiten Soloalbum mit Transkriptionen von Werken J. S. Bachs voraus. Konzertreisen mit verschiedenen Ensembles fu\u0308hrten ihn nach Belgien, Brasilien, Deutschland, Finnland, Portugal (einschlie\u00dflich der Azoren und Madeira) und Spanien. Seit der Saison 2023\/24 tritt er regelma\u0308\u00dfig mit dem Gewandhausorchester Leipzig auf.\u00a0<\/span><\/p><p><span style=\"font-weight: 400;\">Seine langja\u0308hrige Leidenschaft fu\u0308r das Blockflo\u0308tenconsort spiegelt sich in einer Reihe von Alben mit portugiesischer Renaissancemusik als Mitglied des Ensembles <\/span><i><span style=\"font-weight: 400;\">Arte Minima <\/span><\/i><span style=\"font-weight: 400;\">wider, darunter CDs mit Werken von Francisco de Santa Maria und Vicente Lusitano.\u00a0<\/span><\/p><p><span style=\"font-weight: 400;\">Joa\u0303o ist Gru\u0308nder und Co-Ku\u0308nstlerischer Leiter des <\/span><i><span style=\"font-weight: 400;\">Musurgia Ensemble<\/span><\/i><span style=\"font-weight: 400;\">, das sich der Interpretation und Verbreitung neu entdeckter Musik aus dem 16. bis 18. Jahrhundert widmet.\u00a0<\/span><\/p>\t\t\t\t\t\t<\/div>\n\t\t\t\t<\/div>\n\t\t\t\t\t<\/div>\n\t\t\t\t<\/div>\n\t\t\t\t<\/div>\n\t\t","protected":false},"excerpt":{"rendered":"<p>Jo\u00e3o Francisco T\u00e1vora\u00a0 Nach seinem Studium an der Escola Superior de Mu\u0301sica e Artes do Espeta\u0301culo in Porto und der Hochschule fu\u0308r Musik und Theater Felix Mendelssohn Bartholdy in Leipzig&hellip;<\/p>\n","protected":false},"author":2,"featured_media":0,"parent":0,"menu_order":0,"comment_status":"closed","ping_status":"closed","template":"elementor_header_footer","meta":{"footnotes":""},"class_list":["post-350","page","type-page","status-publish","hentry"],"yoast_head":"<!-- This site is optimized with the Yoast SEO plugin v25.6 - https:\/\/yoast.com\/wordpress\/plugins\/seo\/ -->\n<title>Biographie - Jo\u00e3o Francisco T\u00e1vora - Recorder<\/title>\n<meta name=\"robots\" content=\"index, follow, max-snippet:-1, max-image-preview:large, max-video-preview:-1\" \/>\n<link rel=\"canonical\" href=\"https:\/\/joaofranciscotavora.com\/index.php\/biographie\/\" \/>\n<meta property=\"og:locale\" content=\"en_US\" \/>\n<meta property=\"og:type\" content=\"article\" \/>\n<meta property=\"og:title\" content=\"Biographie - Jo\u00e3o Francisco T\u00e1vora - Recorder\" \/>\n<meta property=\"og:description\" content=\"Jo\u00e3o Francisco T\u00e1vora\u00a0 Nach seinem Studium an der Escola Superior de Mu\u0301sica e Artes do Espeta\u0301culo in Porto und der Hochschule fu\u0308r Musik und Theater Felix Mendelssohn Bartholdy in Leipzig&hellip;\" \/>\n<meta property=\"og:url\" content=\"https:\/\/joaofranciscotavora.com\/index.php\/biographie\/\" \/>\n<meta property=\"og:site_name\" content=\"Jo\u00e3o Francisco T\u00e1vora - Recorder\" \/>\n<meta property=\"article:publisher\" content=\"https:\/\/www.facebook.com\/joaofrancisco.tavora\" \/>\n<meta property=\"article:modified_time\" content=\"2025-08-02T07:58:00+00:00\" \/>\n<meta name=\"twitter:card\" content=\"summary_large_image\" \/>\n<meta name=\"twitter:label1\" content=\"Est. reading time\" \/>\n\t<meta name=\"twitter:data1\" content=\"1 minute\" \/>\n<script type=\"application\/ld+json\" class=\"yoast-schema-graph\">{\"@context\":\"https:\/\/schema.org\",\"@graph\":[{\"@type\":\"WebPage\",\"@id\":\"https:\/\/joaofranciscotavora.com\/index.php\/biographie\/\",\"url\":\"https:\/\/joaofranciscotavora.com\/index.php\/biographie\/\",\"name\":\"Biographie - Jo\u00e3o Francisco T\u00e1vora - Recorder\",\"isPartOf\":{\"@id\":\"https:\/\/joaofranciscotavora.com\/#website\"},\"datePublished\":\"2024-12-08T11:24:32+00:00\",\"dateModified\":\"2025-08-02T07:58:00+00:00\",\"breadcrumb\":{\"@id\":\"https:\/\/joaofranciscotavora.com\/index.php\/biographie\/#breadcrumb\"},\"inLanguage\":\"en-US\",\"potentialAction\":[{\"@type\":\"ReadAction\",\"target\":[\"https:\/\/joaofranciscotavora.com\/index.php\/biographie\/\"]}]},{\"@type\":\"BreadcrumbList\",\"@id\":\"https:\/\/joaofranciscotavora.com\/index.php\/biographie\/#breadcrumb\",\"itemListElement\":[{\"@type\":\"ListItem\",\"position\":1,\"name\":\"Home\",\"item\":\"https:\/\/joaofranciscotavora.com\/\"},{\"@type\":\"ListItem\",\"position\":2,\"name\":\"Biographie\"}]},{\"@type\":\"WebSite\",\"@id\":\"https:\/\/joaofranciscotavora.com\/#website\",\"url\":\"https:\/\/joaofranciscotavora.com\/\",\"name\":\"Jo\u00e3o Francisco T\u00e1vora - Recorder\",\"description\":\"\",\"publisher\":{\"@id\":\"https:\/\/joaofranciscotavora.com\/#organization\"},\"potentialAction\":[{\"@type\":\"SearchAction\",\"target\":{\"@type\":\"EntryPoint\",\"urlTemplate\":\"https:\/\/joaofranciscotavora.com\/?s={search_term_string}\"},\"query-input\":{\"@type\":\"PropertyValueSpecification\",\"valueRequired\":true,\"valueName\":\"search_term_string\"}}],\"inLanguage\":\"en-US\"},{\"@type\":\"Organization\",\"@id\":\"https:\/\/joaofranciscotavora.com\/#organization\",\"name\":\"Jo\u00e3o Francisco T\u00e1vora - Recorder\",\"url\":\"https:\/\/joaofranciscotavora.com\/\",\"logo\":{\"@type\":\"ImageObject\",\"inLanguage\":\"en-US\",\"@id\":\"https:\/\/joaofranciscotavora.com\/#\/schema\/logo\/image\/\",\"url\":\"https:\/\/joaofranciscotavora.com\/wp-content\/uploads\/2024\/11\/JFT.png\",\"contentUrl\":\"https:\/\/joaofranciscotavora.com\/wp-content\/uploads\/2024\/11\/JFT.png\",\"width\":1200,\"height\":107,\"caption\":\"Jo\u00e3o Francisco T\u00e1vora - Recorder\"},\"image\":{\"@id\":\"https:\/\/joaofranciscotavora.com\/#\/schema\/logo\/image\/\"},\"sameAs\":[\"https:\/\/www.facebook.com\/joaofrancisco.tavora\",\"https:\/\/www.instagram.com\/tavora_recorder\"]}]}<\/script>\n<!-- \/ Yoast SEO plugin. -->","yoast_head_json":{"title":"Biographie - Jo\u00e3o Francisco T\u00e1vora - Recorder","robots":{"index":"index","follow":"follow","max-snippet":"max-snippet:-1","max-image-preview":"max-image-preview:large","max-video-preview":"max-video-preview:-1"},"canonical":"https:\/\/joaofranciscotavora.com\/index.php\/biographie\/","og_locale":"en_US","og_type":"article","og_title":"Biographie - Jo\u00e3o Francisco T\u00e1vora - Recorder","og_description":"Jo\u00e3o Francisco T\u00e1vora\u00a0 Nach seinem Studium an der Escola Superior de Mu\u0301sica e Artes do Espeta\u0301culo in Porto und der Hochschule fu\u0308r Musik und Theater Felix Mendelssohn Bartholdy in Leipzig&hellip;","og_url":"https:\/\/joaofranciscotavora.com\/index.php\/biographie\/","og_site_name":"Jo\u00e3o Francisco T\u00e1vora - Recorder","article_publisher":"https:\/\/www.facebook.com\/joaofrancisco.tavora","article_modified_time":"2025-08-02T07:58:00+00:00","twitter_card":"summary_large_image","twitter_misc":{"Est. reading time":"1 minute"},"schema":{"@context":"https:\/\/schema.org","@graph":[{"@type":"WebPage","@id":"https:\/\/joaofranciscotavora.com\/index.php\/biographie\/","url":"https:\/\/joaofranciscotavora.com\/index.php\/biographie\/","name":"Biographie - Jo\u00e3o Francisco T\u00e1vora - Recorder","isPartOf":{"@id":"https:\/\/joaofranciscotavora.com\/#website"},"datePublished":"2024-12-08T11:24:32+00:00","dateModified":"2025-08-02T07:58:00+00:00","breadcrumb":{"@id":"https:\/\/joaofranciscotavora.com\/index.php\/biographie\/#breadcrumb"},"inLanguage":"en-US","potentialAction":[{"@type":"ReadAction","target":["https:\/\/joaofranciscotavora.com\/index.php\/biographie\/"]}]},{"@type":"BreadcrumbList","@id":"https:\/\/joaofranciscotavora.com\/index.php\/biographie\/#breadcrumb","itemListElement":[{"@type":"ListItem","position":1,"name":"Home","item":"https:\/\/joaofranciscotavora.com\/"},{"@type":"ListItem","position":2,"name":"Biographie"}]},{"@type":"WebSite","@id":"https:\/\/joaofranciscotavora.com\/#website","url":"https:\/\/joaofranciscotavora.com\/","name":"Jo\u00e3o Francisco T\u00e1vora - Recorder","description":"","publisher":{"@id":"https:\/\/joaofranciscotavora.com\/#organization"},"potentialAction":[{"@type":"SearchAction","target":{"@type":"EntryPoint","urlTemplate":"https:\/\/joaofranciscotavora.com\/?s={search_term_string}"},"query-input":{"@type":"PropertyValueSpecification","valueRequired":true,"valueName":"search_term_string"}}],"inLanguage":"en-US"},{"@type":"Organization","@id":"https:\/\/joaofranciscotavora.com\/#organization","name":"Jo\u00e3o Francisco T\u00e1vora - Recorder","url":"https:\/\/joaofranciscotavora.com\/","logo":{"@type":"ImageObject","inLanguage":"en-US","@id":"https:\/\/joaofranciscotavora.com\/#\/schema\/logo\/image\/","url":"https:\/\/joaofranciscotavora.com\/wp-content\/uploads\/2024\/11\/JFT.png","contentUrl":"https:\/\/joaofranciscotavora.com\/wp-content\/uploads\/2024\/11\/JFT.png","width":1200,"height":107,"caption":"Jo\u00e3o Francisco T\u00e1vora - Recorder"},"image":{"@id":"https:\/\/joaofranciscotavora.com\/#\/schema\/logo\/image\/"},"sameAs":["https:\/\/www.facebook.com\/joaofrancisco.tavora","https:\/\/www.instagram.com\/tavora_recorder"]}]}},"_links":{"self":[{"href":"https:\/\/joaofranciscotavora.com\/index.php\/wp-json\/wp\/v2\/pages\/350","targetHints":{"allow":["GET"]}}],"collection":[{"href":"https:\/\/joaofranciscotavora.com\/index.php\/wp-json\/wp\/v2\/pages"}],"about":[{"href":"https:\/\/joaofranciscotavora.com\/index.php\/wp-json\/wp\/v2\/types\/page"}],"author":[{"embeddable":true,"href":"https:\/\/joaofranciscotavora.com\/index.php\/wp-json\/wp\/v2\/users\/2"}],"replies":[{"embeddable":true,"href":"https:\/\/joaofranciscotavora.com\/index.php\/wp-json\/wp\/v2\/comments?post=350"}],"version-history":[{"count":11,"href":"https:\/\/joaofranciscotavora.com\/index.php\/wp-json\/wp\/v2\/pages\/350\/revisions"}],"predecessor-version":[{"id":483,"href":"https:\/\/joaofranciscotavora.com\/index.php\/wp-json\/wp\/v2\/pages\/350\/revisions\/483"}],"wp:attachment":[{"href":"https:\/\/joaofranciscotavora.com\/index.php\/wp-json\/wp\/v2\/media?parent=350"}],"curies":[{"name":"wp","href":"https:\/\/api.w.org\/{rel}","templated":true}]}}

<div data-elementor-type="wp-page" data-elementor-id="350" class="elementor elementor-350" data-elementor-post-type="page">
				<div class="elementor-element elementor-element-73aff768 e-con-full e-flex e-con e-parent" data-id="73aff768" data-element_type="container">
		<div class="elementor-element elementor-element-3d3f47f3 e-con-full e-flex e-con e-child" data-id="3d3f47f3" data-element_type="container" data-settings="{&quot;background_background&quot;:&quot;classic&quot;}">
				</div>
				</div>
		<div class="elementor-element elementor-element-8e00cdf e-flex e-con-boxed e-con e-parent" data-id="8e00cdf" data-element_type="container">
					<div class="e-con-inner">
				<div class="elementor-element elementor-element-60b5e0c elementor-widget elementor-widget-heading" data-id="60b5e0c" data-element_type="widget" data-widget_type="heading.default">
				<div class="elementor-widget-container">
			<h2 class="elementor-heading-title elementor-size-default">João Francisco Távora </h2>		</div>
				</div>
				<div class="elementor-element elementor-element-ae5b658 elementor-widget elementor-widget-text-editor" data-id="ae5b658" data-element_type="widget" data-widget_type="text-editor.default">
				<div class="elementor-widget-container">
							<p><span style="font-weight: 400;">Nach seinem Studium an der </span><i><span style="font-weight: 400;">Escola Superior de Música e Artes do Espetáculo </span></i><span style="font-weight: 400;">in Porto und der </span><i><span style="font-weight: 400;">Hochschule für Musik und Theater Felix Mendelssohn Bartholdy </span></i><span style="font-weight: 400;">in Leipzig begann João Francisco Távora eine vielversprechende Karriere als Solist, Ensemblemusiker und musikalischer Leiter. </span></p><p><span style="font-weight: 400;">Diese Debütaufnahme mit Werken von Telemann geht einem zweiten Soloalbum mit Transkriptionen von Werken J. S. Bachs voraus. Konzertreisen mit verschiedenen Ensembles führten ihn nach Belgien, Brasilien, Deutschland, Finnland, Portugal (einschließlich der Azoren und Madeira) und Spanien. Seit der Saison 2023/24 tritt er regelmäßig mit dem Gewandhausorchester Leipzig auf. </span></p><p><span style="font-weight: 400;">Seine langjährige Leidenschaft für das Blockflötenconsort spiegelt sich in einer Reihe von Alben mit portugiesischer Renaissancemusik als Mitglied des Ensembles </span><i><span style="font-weight: 400;">Arte Minima </span></i><span style="font-weight: 400;">wider, darunter CDs mit Werken von Francisco de Santa Maria und Vicente Lusitano. </span></p><p><span style="font-weight: 400;">João ist Gründer und Co-Künstlerischer Leiter des </span><i><span style="font-weight: 400;">Musurgia Ensemble</span></i><span style="font-weight: 400;">, das sich der Interpretation und Verbreitung neu entdeckter Musik aus dem 16. bis 18. Jahrhundert widmet. </span></p>						</div>
				</div>
					</div>
				</div>
				</div>

<p>João Francisco Távora  Nach seinem Studium an der Escola Superior de Música e Artes do Espetáculo in Porto und der Hochschule für Musik und Theater Felix Mendelssohn Bartholdy in Leipzig&hellip;</p>

<!-- This site is optimized with the Yoast SEO plugin v25.6 - https://yoast.com/wordpress/plugins/seo/ -->
<title>Biographie - João Francisco Távora - Recorder</title>
<meta name="robots" content="index, follow, max-snippet:-1, max-image-preview:large, max-video-preview:-1" />
<link rel="canonical" href="https://joaofranciscotavora.com/index.php/biographie/" />
<meta property="og:locale" content="en_US" />
<meta property="og:type" content="article" />
<meta property="og:title" content="Biographie - João Francisco Távora - Recorder" />
<meta property="og:description" content="João Francisco Távora  Nach seinem Studium an der Escola Superior de Música e Artes do Espetáculo in Porto und der Hochschule für Musik und Theater Felix Mendelssohn Bartholdy in Leipzig&hellip;" />
<meta property="og:url" content="https://joaofranciscotavora.com/index.php/biographie/" />
<meta property="og:site_name" content="João Francisco Távora - Recorder" />
<meta property="article:publisher" content="https://www.facebook.com/joaofrancisco.tavora" />
<meta property="article:modified_time" content="2025-08-02T07:58:00+00:00" />
<meta name="twitter:card" content="summary_large_image" />
<meta name="twitter:label1" content="Est. reading time" />
	<meta name="twitter:data1" content="1 minute" />
<script type="application/ld+json" class="yoast-schema-graph">{"@context":"https://schema.org","@graph":[{"@type":"WebPage","@id":"https://joaofranciscotavora.com/index.php/biographie/","url":"https://joaofranciscotavora.com/index.php/biographie/","name":"Biographie - João Francisco Távora - Recorder","isPartOf":{"@id":"https://joaofranciscotavora.com/#website"},"datePublished":"2024-12-08T11:24:32+00:00","dateModified":"2025-08-02T07:58:00+00:00","breadcrumb":{"@id":"https://joaofranciscotavora.com/index.php/biographie/#breadcrumb"},"inLanguage":"en-US","potentialAction":[{"@type":"ReadAction","target":["https://joaofranciscotavora.com/index.php/biographie/"]}]},{"@type":"BreadcrumbList","@id":"https://joaofranciscotavora.com/index.php/biographie/#breadcrumb","itemListElement":[{"@type":"ListItem","position":1,"name":"Home","item":"https://joaofranciscotavora.com/"},{"@type":"ListItem","position":2,"name":"Biographie"}]},{"@type":"WebSite","@id":"https://joaofranciscotavora.com/#website","url":"https://joaofranciscotavora.com/","name":"João Francisco Távora - Recorder","description":"","publisher":{"@id":"https://joaofranciscotavora.com/#organization"},"potentialAction":[{"@type":"SearchAction","target":{"@type":"EntryPoint","urlTemplate":"https://joaofranciscotavora.com/?s={search_term_string}"},"query-input":{"@type":"PropertyValueSpecification","valueRequired":true,"valueName":"search_term_string"}}],"inLanguage":"en-US"},{"@type":"Organization","@id":"https://joaofranciscotavora.com/#organization","name":"João Francisco Távora - Recorder","url":"https://joaofranciscotavora.com/","logo":{"@type":"ImageObject","inLanguage":"en-US","@id":"https://joaofranciscotavora.com/#/schema/logo/image/","url":"https://joaofranciscotavora.com/wp-content/uploads/2024/11/JFT.png","contentUrl":"https://joaofranciscotavora.com/wp-content/uploads/2024/11/JFT.png","width":1200,"height":107,"caption":"João Francisco Távora - Recorder"},"image":{"@id":"https://joaofranciscotavora.com/#/schema/logo/image/"},"sameAs":["https://www.facebook.com/joaofrancisco.tavora","https://www.instagram.com/tavora_recorder"]}]}</script>
<!-- / Yoast SEO plugin. -->

Biographie - João Francisco Távora - Recorder

João Francisco Távora  Nach seinem Studium an der Escola Superior de Música e Artes do Espetáculo in Porto und der Hochschule für Musik und Theater Felix Mendelssohn Bartholdy in Leipzig&hellip;

João Francisco Távora - Recorder
